153 is divided by 89.
65
Calculate the remainder when 504386759 is divided by 859.
857
Calculate the remainder when 62688 is divided by 2262.
1614
Calculate the remainder when 261184660 is divided by 203.
191
What is the remainder when 18609292 is divided by 775?
767
Calculate the remainder when 2441104 is divided by 813647.
163
What is the remainder when 1763411 is divided by 1087?
297
Calculate the remainder when 27262115 is divided by 9.
8
Calculate the remainder when 1174361723 is divided by 1678.
1677
Calculate the remainder when 14315267 is divided by 5935.
47
What is the remainder when 239169 is divided by 6833?
14
Calculate the remainder when 545033494 is divided by 4.
2
What is the remainder when 2241221 is divided by 16?
5
Calculate the remainder when 44083573 is divided by 2448.
2437
Calculate the remainder when 13485 is divided by 801.
669
What is the remainder when 660078032 is divided by 14?
12
What is the remainder when 64177 is divided by 4953?
4741
Calculate the remainder when 1671894 is divided by 1132.
1062
Calculate the remainder when 11756021 is divided by 43.
36
Calculate the remainder when 83259 is divided by 2955.
519
Calculate the remainder when 10275427 is divided by 110.
107
What is the remainder when 3290652 is divided by 141?
135
What is the remainder when 16398393 is divided by 436?
433
Calculate the remainder when 35946674 is divided by 65.
49
Calculate the remainder when 20715 is divided by 6414.
1473
What is the remainder when 368741 is divided by 26332?
93
What is the remainder when 4366935 is divided by 136465?
55
Calculate the remainder when 21891832 is divided by 5472958.
0
Calculate the remainder when 478036 is divided by 54.
28
Calculate the remainder when 1108795 is divided by 13.
12
What is the remainder when 981189 is divided by 979170?
2019
What is the remainder when 37381156 is divided by 1916?
1912
What is the remainder when 47071151 is divided by 18?
17
What is the remainder when 610694 is divided by 305323?
48
What is the remainder when 3110273 is divided by 27?
8
What is the remainder when 153012944 is divided by 2390827?
16
What is the remainder when 400135 is divided by 99866?
671
What is the remainder when 14246888 is divided by 10?
8
What is the remainder when 38121 is divided by 359?
67
What is the remainder when 7370849 is divided by 48?
17
What is the remainder when 21478167 is divided by 769?
766
Calculate the remainder when 1332031 is divided by 801.
769
Calculate the remainder when 4532576 is divided by 39.
35
Calculate the remainder when 5737221 is divided by 25.
21
Calculate the remainder when 55643 is divided by 4862.
2161
What is the remainder when 900992 is divided by 299959?
1115
Calculate the remainder when 73170689 is divided by 1829267.
9
Calculate the remainder when 17687697 is divided by 8843838.
21
What is the remainder when 2356409 is divided by 49?
48
What is the remainder when 271518 is divided by 198?
60
Calculate the remainder when 1878897 is divided by 4194.
4179
What is the remainder when 30174033 is divided by 637?
617
Calculate the remainder when 180953 is divided by 133.
73
Calculate the remainder when 3560206 is divided by 53.
37
Calculate the remainder when 2378680703 is divided by 1696.
1695
Calculate the remainder when 2386496 is divided by 397741.
50
What is the remainder when 107635 is divided by 320?
115
Calculate the remainder when 7093334 is divided by 472880.
134
Calculate the remainder when 3031087 is divided by 305.
302
Calculate the remainder when 2378796 is divided by 215.
36
Calculate the remainder when 26522185 is divided by 14.
11
What is the remainder when 347169 is divided by 115269?
1362
What is the remainder when 53097 is divided by 6283?
2833
What is the remainder when 4417922 is divided by 4417849?
73
Calculate the remainder when 6083241 is divided by 11.
10
Calculate the remainder when 20275344 is divided by 2534417.
8
Calculate the remainder when 996296 is divided by 9298.
1410
What is the remainder when 436541 is divided by 218209?
123
Calculate the remainder when 716882 is divided by 245.
12
Calculate the remainder when 30499027 is divided by 340.
7
What is the remainder when 5520711 is divided by 100?
11
Calculate the remainder when 137962 is divided by 68940.
82
What is the remainder when 1786825 is divided by 96?
73
What is the remainder when 24997279 is divided by 3080?
3079
Calculate the remainder when 21487 is divided by 4761.
2443
What is the remainder when 10489777 is divided by 2631?
2611
What is the remainder when 7021915 is divided by 390?
355
What is the remainder when 15582462 is divided by 127725?
12
Calculate the remainder when 295914 is divided by 36986.
26
Calculate the remainder when 14924249 is divided by 603.
602
What is the remainder when 564686 is divided by 652?
54
What is the remainder when 199378 is divided by 510?
478
Calculate the remainder when 135594 is divided by 4435.
2544
What is the remainder when 12416715 is divided by 1711?
1699
Calculate the remainder when 20889754 is divided by 617.
602
Calculate the remainder when 7254434 is divided by 26476.
10
Calculate the remainder when 125539 is divided by 62767.
5
Calculate the remainder when 4449813 is divided by 486.
483
What is the remainder when 2172119 is divided by 803?
4
What is the remainder when 1422419 is divided by 1222?
11
What is the remainder when 21673 is divided by 7128?
289
What is the remainder when 4094988 is divided by 321?
312
What is the remainder when 1100674 is divided by 10006?
14
Calculate the remainder when 60613947 is divided by 5215.
2
Calculate the remainder when 325613 is divided by 325608.
5
What is the remainder when 3223679 is divided by 206?
191
What is the remainder when 1021158 is divided by 94?
36
Calculate the remainder when 1412245 is divided by 1412133.
112
Calculate the remainder when 36057630 is divided by 1082.
1062
What is the remainder when 23726646 is divided by 124?
114
Calculate the remainder when 59746 is divided by 4317.
3625
What is the remainder when 9661089 is divided by 4?
1
What is the remainder when 39764 is divided by 19828?
108
What is the remainder when 72514058 is divided by 255?
218
Calculate the remainder when 28023623 is divided by 7.
5
What is the remainder when 1429808 is divided by 5649?
611
Calculate the remainder when 25887 is divided by 6117.
1419
What is the remainder when 298265392 is divided by 44?
40
What is the remainder when 7061098 is divided by 252165?
478
What is the remainder when 68321 is divided by 118?
117
What is the remainder when 878640 is divided by 439114?
412
Calculate the remainder when 805615 is divided by 115087.
6
What is the remainder when 1675706 is divided by 564?
62
What is the remainder when 4852821 is divided by 41125?
71
Calculate the remainder when 227651 is divided by 20159.
5902
What is the remainder when 52047 is divided by 4003?
8
What is the remainder when 1792682 is divided by 179?
176
What is the remainder when 14761 is divided by 4484?
1309
What is the remainder when 15944493 is divided by 15944479?
14
What is the remainder when 9623 is divided by 2912?
887
Calculate the remainder when 6726699 is divided by 15.
9
Calculate the remainder when 2661030 is divided by 2660801.
229
Calculate the remainder when 578459 is divided by 199.
165
Calculate the remainder when 23215273 is divided by 5654.
5603
What is the remainder when 17241406 is divided by 398?
46
Calculate the remainder when 4626628 is divided by 11452.
20
What is the remainder when 185781 is divided by 563?
554
What is the remainder when 500524 is divided by 1?
0
What is the remainder when 14167 is divided by 2801?
162
What is the remainder when 15973289 is divided by 3506?
3459
Calculate the remainder when 530897 is divided by 1145.
762
What is the remainder when 2552366 is divided by 4?
2
What is the remainder when 379451 is divided by 79?
14
What is the remainder when 17259 is divided by 6?
3
What is the remainder when 37156577 is divided by 3929?
24
Calculate the remainder when 50244 is divided by 3871.
3792
What is the remainder when 198514 is divided by 49532?
386
What is the remainder when 210147 is divided by 31?
29
Calculate the remainder when 341976469 is divided by 367.
364
Calculat